be (-70)/84 + 82/12. Suppose -k*f + 3163 = -4331. What are the prime factors of f?
1249
Suppose 178*y + 95*y = 11148774. What are the prime factors of y?
2, 7, 2917
Let g(x) be the second derivative of x**5/10 - x**3/3 + x**2/2 + x. Let a(n) = 87*n - 694. Let c be a(8). What are the prime factors of g(c)?
13
Let c(l) = 1315*l + 2247. List the prime factors of c(9).
2, 3, 2347
Let d = -351 - -585. Suppose 2*k - d = 2*o + 4*k, -4 = 2*k. Let x = 224 + o. List the prime factors of x.
109
Let y(d) = 3*d**3 + 2*d**2 - 15. Let q(z) = z**3 - 3*z**2 - 3*z + 1. Let n be q(4). List the prime factors of y(n).
2, 5, 41
Suppose -2*m - 3*m - 5*s = -310, -4*s - 100 = -2*m. Suppose m = 8*v + 10. Suppose 9 + v = u. What are the prime factors of u?
3, 5
Let s(m) be the third derivative of 41*m**4/2 + 5*m**3/6 + 21*m**2 - 2*m. List the prime factors of s(1).
7, 71
Let p = -4092 - -16891. List the prime factors of p.
12799
Suppose 0 = -3*r - 3*m + 3, -5*r + 4*m = -4*r - 21. Suppose 2846 = 3*c - r*l - 387, 5*c + l = 5351. Suppose -c = 25*x - 34*x. List the prime factors of x.
7, 17
Let l(o) = 47 + 2*o**2 - 3*o**2 - 19*o - 2*o**2 + 3*o**3 - 35. List the prime factors of l(6).
2, 3, 73
Let r(j) = -2*j**2 - 6*j - 4. Let v be r(-7). Let p = -4967 + 4662. Let b = v - p. What are the prime factors of b?
5, 7
Suppose -16301526 = -425*d + 2593124. List the prime factors of d.
2, 22229
Let k = -310 + 850. Suppose 5*l - k - 415 = 0. Suppose 4 = -o + 2*o, -5*m + o + l = 0. What are the prime factors of m?
3, 13
Let u(g) = -131*g - 6653. List the prime factors of u(-76).
3, 367
Suppose -5*t - 3*z + 60 = 0, 8*z + 7 = 3*t + 4*z. Suppose 0 = 13*a - t*a - 2156. What are the prime factors of a?
7, 11
Let g = 2283 + 8398. What are the prime factors of g?
11, 971
Let s = 2 + -6. Let f(i) be the third derivative of -17*i**4/12 + 4*i**3 + 6*i**2 - 19. List the prime factors of f(s).
2, 5
Suppose 6 = 4*p - p. Suppose -2*j + 13 + 160 = 5*k, -3*j + 269 = -p*k. Suppose -j = l - 2*l. What are the prime factors of l?
89
Let z = 97054 - 52657. What are the prime factors of z?
3, 4933
Suppose -2*v + 4*x = 5*x + 478, -4*v = 4*x + 952. Let n = v - -446. What are the prime factors of n?
2, 103
Let y = -832 + 1241. Suppose 143*c - 264*c + 133*c = -3180. Let d = y + c. List the prime factors of d.
2, 3
Let p be (-348)/(-68) + 12/(-102). Suppose z + z = -p*j + 200, -282 = -3*z - 3*j. Let f = z - 64. List the prime factors of f.
2, 13
Let i = -2411 + 7274. What are the prime factors of i?
3, 1621
Let a(h) = 5*h**2 - h + 7. Let j be a(-3). Let f = -51 + j. Suppose 1109 = f*d + 301. List the prime factors of d.
2, 101
Suppose 4*m = -15*m - 12*m + 64108. List the prime factors of m.
2, 11, 47
Suppose 2*w - 1472 = 6*w. Let j(c) = -c**2 - 44*c + 141. Let m be j(-47). List the prime factors of (1 - m)/((-23)/w).
2
Suppose 23536 = o - 4*c, -3*o - 2*c = -41667 - 29025. What are the prime factors of o?
2, 5, 19, 31
Suppose -4*m = -23*m + 21147. Let v = m + -589. What are the prime factors of v?
2, 131
Suppose -3*w - 13*w = -36800. Suppose -3*m + 8*m = 5*q - w, 0 = 3*q + 5*m - 1404. What are the prime factors of q?
463
What are the prime factors of (-3 - -6) + (-27332)/(-4) + -7?
6829
Let f(q) = -9*q - 83. Let j(y) = y - 1. Let r(l) = f(l) - j(l). What are the prime factors of r(-14)?
2, 29
What are the prime factors of 4/(-30) + (-12)/9*7309645/(-700)?
3, 7, 13, 17
Let u(q) = -1689*q + 307. What are the prime factors of u(-1)?
2, 499
Let b(q) be the third derivative of -22*q**2 + 1/2*q**4 + 0*q + 0 + 5/3*q**3 + 1/15*q**5. What are the prime factors of b(-5)?
2, 5
Let h(k) = 2*k**2 - 17*k - 5. Let p be h(9). Suppose 5*f + a - 84 = 0, 0*f - 5*a + p = -f. What are the prime factors of f?
2
Let k be ((-2)/6)/((15/(-36))/5). Suppose 0 = 5*z - w - 332 - 601, -3*w = k*z - 754. What are the prime factors of z?
11, 17
Let i(v) = -v**2 - v - 1. Let o(u) = 66*u**3 + 6*u**2 + 4*u + 3. Let h(f) = -6*i(f) - o(f). List the prime factors of h(-1).
67
List the prime factors of 12/(19 - 16) + 23689.
19, 29, 43
Suppose -y = 0, 0*y + 705 = 5*g + 3*y. Suppose 4*f - 5 = 3*f. Suppose -u - 5*h + g = 0, -f*h - 380 = -5*u + 205. What are the prime factors of u?
11
Suppose 8*f - 23 - 9 = 0. Suppose -t + 4*t + f*z = 1419, -5*t + 2357 = 4*z. Let k = t + -327. What are the prime factors of k?
2, 71
Suppose 43*g - 826147 - 284672 = 0. What are the prime factors of g?
3, 79, 109
Suppose -4*m + 7 + 1 = 0. Suppose 2*h + 4 = 0, -6*z - 5*h + 2 = -m*z. Suppose -5*d + 96 = -4*r + 391, 0 = 4*r + z*d - 303. List the prime factors of r.
3, 5
Let v be -44*(-1 - (-4)/8). Suppose -32 = -2*n - v. Suppose -n*r = -503 - 77. What are the prime factors of r?
2, 29
Let s(u) = 134*u**2 - 12 - 6 - 42*u**2 + 17. What are the prime factors of s(-1)?
7, 13
List the prime factors of (-3064964)/(-411) - 2/6.
7457
Let j be (-8)/12 - 4/(-6) - -2. Suppose j*p = -2*i - 4, 2*i - 4 = -p - 6. Suppose -5*k + 5*y + 260 = i, 4*y - 27 = k - 2*k. List the prime factors of k.
47
Suppose k - 67535 + 217245 = 4*w, -74856 = -2*w + k. List the prime factors of w.
13, 2879
Suppose 11*q + 196 = 152. Let y(d) = -4 - 3*d**2 - 3*d - 2*d**2 + 4*d - 2*d**3. List the prime factors of y(q).
2, 5
Suppose r - 4*q + 358 = 131, 0 = -3*r - 2*q - 737. Let s = r + 291. What are the prime factors of s?
2, 3
What are the prime factors of (-108)/3510 - (-28976238)/585?
2, 7, 29, 61
Let g(z) = 26*z - 186. Let r be g(8). Let p(v) = v**2 + 39*v - 160. List the prime factors of p(r).
2, 3, 197
Let h be 20/90 + (-763472)/(-72). Suppose 30*w = 8*w + h. What are the prime factors of w?
2, 241
Let z be 1/(-2 - -1)*-1. What are the prime factors of -2 + z - (-10 + 8 + -102)?
103
Suppose 103*j - 13163 = 79454 + 35412. List the prime factors of j.
11, 113
Let s be -1*0/(-13)*(-2)/(-4). Suppose s*q + q = -4*y + 301, 0 = 4*q + 5*y - 1215. What are the prime factors of q?
5, 61
Suppose 4*i - 4*p - 76 = 0, i - 7*p + 9*p - 28 = 0. Let w = 405 - i. List the prime factors of w.
383
List the prime factors of -6 + 4 + (8 - (-108513)/(-9)*-2).
2, 3, 5, 67
Suppose -2*p - 208 = w, 5*w + 173 = 4*w + 5*p. Let i = w + 283. List the prime factors of i.
5, 17
Suppose -4*n + 701 - 145 = 5*h, -528 = -5*h + 3*n. Suppose 0*w - h = 4*w. List the prime factors of (-20)/6*w/(-6 + 9).
2, 3, 5
Suppose -p = 2*c + 110, 2*c = 3*p - 73 - 45. Let d(q) = -q**2 - 10*q - 1. Let j be d(-7). Let w = j - c. What are the prime factors of w?
2, 19
Let l(o) = -5*o**3 - 2*o**2 + 5*o + 4. Let i(a) = -a**3 + 2*a**2 - 6*a + 22. Let s be i(3). List the prime factors of l(s).
2, 277
Let o = 153 - 153. Suppose o = 16*i - 12*i - 508. List the prime factors of i.
127
Let v(h) = h**2 - 8*h + 8. Let n be v(6). Let f be -4 + 4*(-92)/n. Let i = f + -56. List the prime factors of i.
2
Let a = 156808 - 107857. List the prime factors of a.
3, 7, 37
Let m be (-9)/((-81)/(-2)) - (-317)/9. What are the prime factors of ((-166)/(-4))/(m/70)?
83
Suppose u + 1 = -2*o, 0 = o + 4*u - 0 - 3. Let t be (0 - -21) + (o - 0). Suppose z - 6*z + t = 0, 5*a + 5*z = 260. List the prime factors of a.
2, 3
Let z be 3/(90/(-12))*-5. List the prime factors of (-1 - (-139 - z))*2.
2, 5, 7
What are the prime factors of 1000/(-12)*(21540/(-50) + 0)?
2, 5, 359
Let f(s) = -s**3 + 28*s**2 - 16*s + 15. Let y be f(11). Suppose -18 = 3*z - y. Suppose -218 = 4*d - z. List the prime factors of d.
2, 3, 17
Suppose -2*z - 5*h - 9 = 0, 5*z - 5*h + 2 = -3. Let x = -14 - z. List the prime factors of (16/x)/(10/(-465)).
2, 31
Let t(v) = 473*v - 15. Let w be t(1). Suppose 0 = 11*k - 12*k + 1. What are the prime factors of w/4 - k/(-2)?
5, 23
Let y(l) = -482*l + 902. What are the prime factors of y(-29)?
2, 3, 5, 31
Let f(s) = -s**2 + 13*s + 14. Let o be f(14). Suppose 5*x - 44*x + 34554 = o. List the prime factors of x.
2, 443
Suppose -2*p + 5*p = 3*a - 42093, 2*a = 3*p + 28056. List the prime factors of a.
3, 4679
List the prime factors of (-12)/48 - (-3 + 761210/(-40)).
7, 2719
Suppose 3259*d = 3256*d + 2*j + 157893, d = 5*j + 52670. What are the prime factors of d?
5, 421
Suppose 2*l + o - 32730 = 0, -9*l + 11*l - 4*o - 32730 = 0. What are the prime factors of l?
3, 5, 1091
Let h(y) = -16*y + 12*y**2 + 5 - 7 - 4. What are the prime factors of h(-5)?
2, 11, 17
Suppose -27889 = 62*c - 65*c - 2*l, -4